02211033?
1002211030
In base 6, what is -203112 + -131?
-203243
In base 11, what is -120 - -536?
416
In base 6, what is -5 + -224520?
-224525
In base 2, what is -100010111000 + -100110?
-100011011110
In base 16, what is -37c - -3?
-379
In base 11, what is 29045 + -5?
29040
In base 13, what is -28136 - 1?
-28137
In base 4, what is 103 + 22012022?
22012131
In base 14, what is 241 + -b?
234
In base 5, what is -4 + 21124?
21120
In base 8, what is -402 + 76?
-304
In base 2, what is 100 - 101011110000?
-101011101100
In base 15, what is -69245 + -4?
-69249
In base 7, what is 416656 - -5?
416664
In base 7, what is -2515425 + 15?
-2515410
In base 11, what is -48 - 2211?
-2259
In base 16, what is 1 - -21475?
21476
In base 2, what is -1 + -10100000110100010011?
-10100000110100010100
In base 6, what is 4 + -215430?
-215422
In base 4, what is -1202102 + 103?
-1201333
In base 10, what is 185022 + 4?
185026
In base 2, what is 1010011101110110 - -1110?
1010011110000100
In base 5, what is -1414121 + -2?
-1414123
In base 15, what is -ad - 55a?
-618
In base 2, what is 101 - -11010001101101?
11010001110010
In base 13, what is -c - b?
-1a
In base 10, what is 1962 + 23?
1985
In base 4, what is -133232 - 11?
-133303
In base 8, what is -63 + -3367?
-3452
In base 15, what is -1e8 - 2629?
-2822
In base 4, what is -13 - -131330300?
131330221
In base 15, what is -3910e - 8?
-39117
In base 10, what is 230562 - 3?
230559
In base 4, what is 102320 - 2312?
100002
In base 2, what is -1000100101100 + 0?
-1000100101100
In base 7, what is 3 - 30351?
-30345
In base 3, what is -21 + -200012212122?
-200012212220
In base 3, what is 10120 + 10101?
20221
In base 6, what is 31231 - 31?
31200
In base 2, what is 1010010 - 11010101000?
-11001010110
In base 7, what is 43 - -6655?
10031
In base 15, what is 4 - 42593?
-4258e
In base 4, what is 2023230003 + 2?
2023230011
In base 7, what is -3 - -14233?
14230
In base 5, what is 1 + -40424?
-40423
In base 3, what is 211 + -1221121010?
-1221120022
In base 12, what is -b + -b837?
-b846
In base 16, what is 1e2 + 614?
7f6
In base 6, what is -2314312 - -5?
-2314303
In base 5, what is 1403123 - 1?
1403122
In base 6, what is -4 + 134543?
134535
In base 8, what is 344 - -3032?
3376
In base 6, what is -11455 - -10335?
-1120
In base 16, what is 166b + -11?
165a
In base 9, what is 28360 - -30?
28400
In base 9, what is -135 + -1011?
-1146
In base 12, what is -b - -1054a?
1053b
In base 5, what is -434134032 + 2?
-434134030
In base 4, what is 11 + 11020332?
11021003
In base 15, what is -39934 - 4?
-39938
In base 3, what is 200102 + 122212?
1100021
In base 12, what is -a + 34784?
34776
In base 4, what is -2 + -101331122?
-101331130
In base 4, what is -302210103 + 1?
-302210102
In base 15, what is -21 + c3b7?
c396
In base 2, what is 101 + 1010010101101100?
1010010101110001
In base 14, what is c + -1d07?
-1cd9
In base 16, what is 6 - 1d7?
-1d1
In base 15, what is 319d - -50?
31ed
In base 6, what is -2 + 211105?
211103
In base 10, what is 0 + 1376?
1376
In base 4, what is 210221031 - -11?
210221102
In base 13, what is 2a0b2 - -3?
2a0b5
In base 4, what is -103022 - 1202?
-110230
In base 2, what is 110011 - 101000000?
-100001101
In base 2, what is -11 + -11011101011011001101?
-11011101011011010000
In base 8, what is -317 + 24?
-273
In base 8, what is 14360 - -52?
14432
In base 16, what is -58c + -3a0?
-92c
In base 14, what is -11 + 322?
311
In base 6, what is 155313 - 343?
154530
In base 13, what is -907 + -44b?
-1055
In base 6, what is -1014 - -2055?
1041
In base 3, what is 11 + -12020221?
-12020210
In base 15, what is -600 + 714?
114
In base 5, what is 30214334 + 1?
30214340
In base 9, what is 542535 + -2?
542533
In base 14, what is 1d4 - -1b?
211
In base 16, what is 4 - -577?
57b
In base 4, what is 11 + 3231?
3302
In base 4, what is -33 + -122310022?
-122310121
In base 4, what is 200113 + 11302?
212021
In base 11, what is -3 + -995?
-998
In base 2, what is 1000101 + -11100001000?
-11011000011
In base 3, what is 22022120 + -122?
22021221
In base 2, what is 10100111000110 + 0?
10100111000110
In base 9, what is 45363 + -87?
45265
In base 3, what is -21 - -2012222110?
2012222012
In base 16, what is 1f4f + a?
1f59
In base 15, what is 23820 + 5?
23825
In base 15, what is -5b04 + 6?
-5aed
In base 9, what is 460781 - -4?
460785
In base 8, what is 65066 - 5?
65061
In base 2, what is 0 - 101011010100001?
-101011010100001
In base 11, what is 0 + -320220?
-320220
In base 12, what is 28 - 101?
-95
In base 5, what is 142022 - 1033?
140434
In base 9, what is -3 + 23740?
23736
In base 16, what is 6 - 6709?
-6703
In base 16, what is 287 + -2e?
259
In base 9, what is 122683 - 1?
122682
In base 15, what is -21 - 17ae?
-17d0
In base 7, what is 10504 - -23?
10530
In base 3, what is 11101002002 - 120?
11101001112
In base 12, what is 2020 - 18?
2004
In base 11, what is -6aa6a0 - -2?
-6aa699
In base 16, what is -78 + -18c?
-204
In base 12, what is 4 - -19936?
1993a
In base 13, what is -201476 + 0?
-201476
In base 10, what is 1334737 + -5?
1334732
In base 8, what is 75 - 5237?
-5142
In base 2, what is -11 + -10001101001111111?
-10001101010000010
In base 12, what is -15589a + 1?
-155899
In base 15, what is -2 + ca0?
c9d
In base 8, what is -664237 + 0?
-664237
In base 15, what is 9d7 + -cb?
90b
In base 16, what is 3fee3 + 5?
3fee8
In base 7, what is -2 + -160410?
-160412
In base 16, what is 2e5 - -19?
2fe
In base 4, what is -1 - 222233123?
-222233130
In base 2, what is 1000111 + 111000101?
1000001100
In base 11, what is 6158 + -5?
6153
In base 16, what is 43 + -d55a?
-d517
In base 3, what is 11 - 11111202100?
-11111202012
In base 5, what is 1203 - 222304?
-221101
In base 4, what is 3 - 10020302?
-10020233
In base 3, what is -20 + 111110111000?
111110110210
In base 15, what is 5 + -18ec?
-18e7
In base 4, what is -30 - 1003301?
-1003331
In base 4, what is 11001020313 - 1?
11001020312
In base 6, what is -2152 + 41134?
34542
In base 12, what is b7 - -492?
589
In base 10, what is -3356 - -335?
-3021
In base 4, what is -11 + -21131313?
-21131330
In base 14, what is -71 - -4d4b?
4cba
In base 15, what is 17 + -1ca?
-1b3
In base 6, what is 1 - -1552133?
1552134
In base 8, what is -124 + -317?
-443
In base 2, what is 1101111010101 + 10100011?
1110001111000
In base 12, what is 295 + -1b?
276
In base 16, what is -197e3 + -10?
-197f3
In base 7, what is 3 + -2342?
-2336
In base 11, what is 1a - -4a5?
514
In base 15, what is -a1 - -192?
e1
In base 3, what is 1001222022201 + -2?
1001222022122
In base 9, what is 17 + 1485?
1513
In base 13, what is b26 - -190?
cb6
In base 4, what is 32321020 - 10?
32321010
In base 10, what is 8 - -92062?
92070
In base 10, what is 14361 + 102?
14463
In base 12, what is 3 - 26aa9?
-26aa6
In base 14, what is 2 - a305?
-a303
In base 11, what is -85 - 4669?
-4743
In base 7, what is -14063 + 305?
-13455
In base 8, what is -6 - 3431?
-3437
In base 15, what is -5a + -3ed?
-458
In base 6, what is 12523 + 403?
13330
In base 10, what is 5 - -724759?
724764
In base 11, what is -46215 + 2?
-46213
In base 10, what is 31 + 1473?
1504
In base 3, what is -1 + -2110202022?
-2110202100
In base 8, what is -44 - 4006?
-4052
In base 7, what is -34246 + 1?
-34245
In base 4, what is -1101 - -2303222?
2302121
In base 2, what is -1100100111010010000111 + -11?
-1100100111010010001010
In base 2, what is 10010010100100110 - 10000?
10010010100010110
In base 10, what is 395054 - -3?
395057
In base 13, what is 8 - 799?
-791
In base 16, what is 13d + 492?
5cf
In base 16, what is 2 + -4859?
-4857
In base 5, what is 0 - -2331444?
2331444
In base 4, what is 1300 + -23020?
-21120
In base 2, what is 11110001100 + 1101?
11110011001
In base 3, what is 10 + 11121221222?
11121222002
In base 12, what is 5 - -221a?
2223
In base 14, what is 5b + -36a9?
-364c
In base 7, what is 6053 - 242?
5511
In base 2, what is -10000000110100100 + 100?
-10000000110100000
In base 7, what is 0 + -6666?
-6666
In base 3, what is 100 - 12210122022?
-12210121222
In base 14, what is 5 - -10c52a?
10c531
In base 8, what is 45 + -11461?
-11414
In base 12, what is -97 - -3b5a?
3a83
In base 14, what is 10 + 9b932?
9b942
In base 4, what is -23 - -323130?
323101
In base 10, what is 2 - 469739?
-469737
In base 11, what is 6 + -180?
-175
In 